ulate w(j).
4
Let w be (-6)/((20/(-6))/(-5)). Let i(l) = l**2 - 5*l + 1. Let c(h) = -4*h**2 + 20*h - 3. Let m(d) = w*i(d) - 2*c(d). What is m(2)?
3
Suppose q = 3*q + g - 7, -q - 5*g - 1 = 0. Suppose -7 = q*n - 23. Let s(d) = 0 + d**3 + 3*d + n*d**2 - d + 3. Give s(-4).
-5
Suppose 5*h - 12 = 3. Suppose -2*s - 2 = a - 6*s, 0 = h*a + 2*s + 6. Let l be (-1)/(0 + 1/a). Let g(k) = k**3 - 3*k**2 + k + 1. Calculate g(l).
-1
Let o(j) be the second derivative of j**5/60 - j**4/3 + j**3/6 + j**2/2 - 6*j. Let p(x) be the first derivative of o(x). Calculate p(6).
-11
Let c be 1 + 1 + 3 + 0. Suppose -4*j - 9 = -c*u, -5*j - 1 = 4*u - 0*u. Suppose 1 = z - u. Let w(v) = v - 4. Calculate w(z).
-2
Let t(s) be the first derivative of -s**3/3 + 2*s**2 + 2*s - 14. What is t(4)?
2
Let u(g) = -4*g - 1. Let d(p) = -8*p - 2. Let w(c) = 4*d(c) - 7*u(c). Let q(z) = z**2 - 7*z + 3. Let x be q(7). Suppose 6*r - x = 7*r. Calculate w(r).
11
Let z(m) = m - 1. Let r be z(2). Let t(g) = 0*g + g - 2*g - 1. Give t(r).
-2
Let x(t) = -t**3 + 3*t**2 + 4*t - 4. Let q(i) = -i**3 + 6*i**2 - 3*i + 9. Let n be q(6). Let u = 12 + n. What is x(u)?
8
Let s be (-6)/4*60/(-9). Suppose 3*r - v - s = 0, 5*v + 14 = 2*r + r. Let p(w) = 0*w + 3*w + 3*w + 1 + r*w. What is p(-1)?
-8
Let y be 2/(-7) - 52/14. Let x(g) = 3 - 2*g - g + 4*g. What is x(y)?
-1
Let u(y) be the first derivative of -y**3 + y**2/2 + y + 9. Let d(z) be the first derivative of -z**3/3 - z**2/2 + 1. Let o(i) = -4*d(i) + u(i). Give o(-4).
-3
Let n(x) = 6*x. Suppose -i = 3*i. Suppose -4*l - 3*j = -i*l + 16, 3*j + 10 = 2*l. What is n(l)?
-6
Let q(i) = 2*i - 2*i**2 + 7*i - 2*i - 5 + 3*i**2. Give q(-6).
-11
Suppose -6 = -4*d + 2. Let s(g) = 8*g - d*g + 2 + g - 6*g. Determine s(7).
9
Let v(h) = 2*h**2 + 4*h + 1. Let n = -8 - -5. Calculate v(n).
7
Let l(u) = -2*u + 8. Let a(m) = -3*m**2 + 34*m + 17. Let h be a(12). Give l(h).
22
Let n(x) = x**2 - x - 2. Suppose -15*d + 21 = 81. Determine n(d).
18
Let a(u) = 3*u**2 + u**3 - 3 - 3 + 3*u**2. What is a(-6)?
-6
Let l(b) = b**2 - 3*b - 1. Let k be (-5 - -2)*(-2)/3. Let r be l(k). Let t(a) = 5 - 4 + a**2 - 3 + 3 + 2*a. Calculate t(r).
4
Let r(t) = t + 4. Suppose -5 = c - k, -4*k - 7 - 15 = 2*c. What is r(c)?
-3
Let i(t) = 4*t + 0*t - 3*t - 12. Calculate i(6).
-6
Let m(i) = i**2 + 3*i + 2. Let b(t) be the second derivative of -t**2/2 - 5*t. Let d(n) = -3*b(n) - m(n). Give d(-3).
1
Let t(g) = g**2 + 5*g - 1. Let f = 5 + -2. Suppose 42 + 21 = -f*k. Let v be 6/k - 33/7. What is t(v)?
-1
Let k(z) = 20 - 13 - 2*z - 7. Give k(-5).
10
Let h = -14 + 5. Let y be 3*(-2)/h*3. Suppose -q - 5 + y = 0. Let o(k) = -k**2 - 8*k - 4. Calculate o(q).
11
Let h(v) = v**2 - 2*v + 1. Let m = 41 - 40. Give h(m).
0
Let d(r) = -r - 10. Let i(o) = -3*o + 6. Let y be i(-8). Suppose m + 4*m - y = 0. Let v(j) = j**3 - 5*j**2 - 7*j + 1. Let l be v(m). Calculate d(l).
-5
Suppose -2*r = r - 9. Let c(w) = 2 + r*w + 4 + 0*w + 0. Calculate c(-5).
-9
Let w(m) be the first derivative of m**2/2 - 22*m + 10. What is w(0)?
-22
Let l(d) be the first derivative of -d**2 - 6*d + 23. Give l(-4).
2
Let h = -2 + 2. Let t(v) = -2*v**2 + 6*v**2 + 2 - 5*v**2 + h. Let w(d) = 2*d**2 - 3*d + 1. Let y be w(2). What is t(y)?
-7
Let j(t) = -4*t**3 + 2. Let q(b) = -3*b**3 + b + 2. Let w(z) = 5*j(z) - 6*q(z). Let s(f) = -f**3 + f**2 - 1. Let k(d) = -3*s(d) + w(d). Give k(4).
-7
Let g = 35 - 37. Let b be -2*1/4*-2. Let l(d) = -b + 2*d + 2 - d. Calculate l(g).
-1
Let w = 3 + -4. Let u = 6 + -4. Let b(o) = -1 - 2*o + u - 2*o + o. Calculate b(w).
4
Let r = -16 - -10. Let o(z) = -z - 2*z + 2*z + z**2. Let l(d) = 7*d**2 + 2. Let w(q) = r*o(q) + l(q). Determine w(-4).
-6
Suppose 3*k - 1 = 11. Suppose -2*b + k*c + 10 = 0, b - 3*b - 4*c + 10 = 0. Let y(n) = n**3 - 4*n**2 - 7*n + 5. Give y(b).
-5
Let i(h) be the first derivative of h**2 - h + 2. Let j be i(3). Let m(s) = -s**2 + 3*s + 6. What is m(j)?
-4
Let y(c) = c**3 + 3*c**2 - 2*c - 1. Let s(i) = 2*i**2 - i - 1. Let z be s(2). Let x be (-12)/30 + (-13)/z. Calculate y(x).
5
Let x(l) = -4*l + 2*l - 2*l - 3*l. Suppose 0 = -2*d + 6*d + 4. Determine x(d).
7
Let j(h) be the first derivative of -h**3/3 - h + 1. Let v be (-5)/(1*2/(-6)). Let d be ((-4)/5)/((-6)/v). Give j(d).
-5
Suppose 10*i - 13 + 3 = 0. Let a(g) be the first derivative of i - 4/3*g**3 + 4*g - g**2 + 1/4*g**4. Determine a(4).
-4
Let q(g) = g**3 + g - 1. Let c(t) = -5*t**3 - 9*t**2 - 11*t + 11. Let p(j) = -c(j) - 4*q(j). Determine p(-8).
1
Let n(s) be the second derivative of 1/12*s**4 + 0 - 4*s - s**2 + 0*s**3. Give n(2).
2
Let k(m) = m**3 + 111 - 6*m**2 + 0*m**2 - 112. Give k(6).
-1
Let s(m) = 2*m**2 - m - 3. Let u be s(3). Suppose -3*n = -w - 0*n - 8, 0 = -4*n + u. Let i(f) = 2*f + 1. Give i(w).
3
Suppose 9 = 3*x - w - 2, -x + 17 = -3*w. Let l(n) = -3 + 4 + n**3 - 4*n**x + 5*n - 4. Let m = -2 + 5. What is l(m)?
3
Let p(m) = m**3 - 2*m**2 - 4*m + 7. Let r be p(3). Let d(s) = 0*s - r + 0*s - 3*s + 2*s. Let j = 3 - 8. Calculate d(j).
1
Let n be ((-12)/(-42))/(3/(-21)). Let t(v) = 2*v**2 - 5*v**2 + 2*v - 5*v. Calculate t(n).
-6
Let d(g) = 6*g - 7. Let s(b) = -7*b + 8. Let w(z) = -6*d(z) - 5*s(z). Give w(9).
-7
Let k = 26 + -31. Let u(n) = -n**3 + n**2 + 1. Let i(x) = -2*x**3 + 7*x**2 - 6*x + 3. Let q(t) = -i(t) + 3*u(t). What is q(k)?
-5
Let m be 1*3*(-1 + 2). Let r(u) = 7 - 6*u - 2*u + u + u**2. Let v(o) = o**2 - 8*o + 8. Let j(w) = -4*r(w) + 3*v(w). What is j(m)?
-1
Let k(s) = -s**3 - 5*s**2 - 4*s. Let q be k(-4). Let d be (q/4)/(1/1). Let j(m) = m**3 - m**2. What is j(d)?
0
Let t(v) = -12*v**2 + 6*v - 12. Let b = -2 + 4. Suppose 5*g - 20 = -b*c, -2*g + 40 = 3*c + c. Let i(a) = a**2 - a + 1. Let s(r) = c*i(r) + t(r). Give s(-3).
-8
Let m = -8 - -9. Suppose -m = 3*u - 4. Let b(j) = -5*j + 1. What is b(u)?
-4
Let z(o) = 6*o**2 + 14 - 3 - o**3 - 5 - 6*o. Give z(5).
1
Let f(c) = -c**3 + c**2 + 5*c - 3. Let l be f(3). Let b(g) = g + 3. What is b(l)?
-3
Let d(m) be the third derivative of -2*m**2 - 1/12*m**4 + 0 + 0*m - 1/120*m**6 - 1/20*m**5 + 1/3*m**3. Calculate d(-3).
8
Let r(q) = -6*q**2 - 2*q + 6*q + 0*q + q - 5 + q**3. Let o = 9 + -8. Suppose -k + o = -4. Give r(k).
-5
Let a(d) = d**2 - 7*d + 7. Suppose -4*f - 2 = 4*w - 22, -19 = -3*w + f. Calculate a(w).
1
Let n(h) = -h + 6. Suppose -3*t + 11 - 2 = 0. Calculate n(t).
3
Let b(v) = v. Suppose -3*m + 13 = -4*o + 33, o - 3*m = -4. Let u = 51 - 46. Suppose -3*t - 2*j - 2 = 1, u*t = j + o. Give b(t).
1
Let o = -74 + 142. Let d be o/18 - (-4)/18. Let r(t) = -t**3 + 4*t**2 + 2*t - 6. What is r(d)?
2
Suppose 2*m = 6 + 4. Let o(a) be the third derivative of -a**4/12 + a**3/2 - 7*a**2. Give o(m).
-7
Let f(s) be the second derivative of s**3/6 - s**2/2 - 9*s. Give f(-4).
-5
Let z(b) = -b**2 + 10*b - 11. Suppose 6 = 2*o, 0 = 3*q + 4*o - 2*o - 33. Give z(q).
-2
Let i(r) = -2*r**2 + 3*r + 1. Suppose 4 = -4*z - 2*q + 26, 0 = 3*z + q - 17. Suppose -4*k + 7 = -f, 6 - 2 = 4*k. Let a = z + f. Determine i(a).
-8
Let c(k) = -7*k - 1. Suppose 0 = -2*j + 8 + 2. Suppose j*f - 6 = -31. Let o = -4 - f. What is c(o)?
-8
Let a(b) be the third derivative of -b**8/3360 + b**7/2520 + b**6/720 - b**5/60 + 3*b**2. Let w(r) be the third derivative of a(r). Give w(-1).
-7
Let b(c) = 8*c**2 - 5 + 12*c + 5*c**2 - 13*c**2 - c**2. What is b(11)?
6
Let n(b) be the first derivative of b**3/3 - 2*b**2 - 4*b + 2. Let j = -5 - -9. Give n(j).
-4
Suppose -3*g + 17 = 5. Let b(d) = -4*d**3 + 4*d - 5. Let u(j) = -5*j**3 + j**2 + 5*j - 6. Let o(a) = g*b(a) - 3*u(a). Determine o(-3).
-5
Let y(o) = o - 3. Let b be y(1). Let n(l) = 3*l**2 + 3*l + 2. What is n(b)?
8
Let r(o) = 2*o - 1. Let c be 76/(-13) - 4/26. Calculate r(c).
-13
Let a(j) = -j - 2 + 2 + 2*j - 6. Give a(6).
0
Let k = 3 - 7. Let n(u) = -46*u + 93*u - 1 - 48*u + 5 - 3. Calculate n(k).
5
Let f(l) = -l**3 - 3*l**2 + l - 2. Suppose 3*o = 2*o - 4. Let y be 3*3/(-18)*4. Let u be -8*y*1/o. Calculate f(u).
10
Let r(t) = -2*t - 6. Let s(a) = -5*a + 30. Let c be s(7). Give r(c).
4
Let i(w) = w + 5. Suppose 38 = -4*b + 2. Let v be i(b). Let n = v + 5. Let q(u) = -2*u**2 + u - 1. Determine q(n).
-2
Suppose 3*n = 4 + 2. Let x(l) = -n*l**2 - l**2 - 2 - 1 - l + 2*l**2. What is x(0)?
-3
Let q be ((-3)/4)/(2/(-8)). Let r(f) = -4 + 4 + 5*f + 5*f**2 - 3 - q*f + f**3. Calculate r(-4).
5
Let m(r) = 3